{"id":3488,"date":"2021-12-23T16:01:34","date_gmt":"2021-12-23T15:01:34","guid":{"rendered":"https:\/\/www.mediaregulation.org\/?page_id=3488"},"modified":"2022-02-27T10:15:51","modified_gmt":"2022-02-27T09:15:51","slug":"jean-francois-furnemont","status":"publish","type":"page","link":"https:\/\/www.mediaregulation.org\/en\/the-mrrc\/editorial-team\/jean-francois-furnemont\/","title":{"rendered":"Jean-Fran\u00e7ois Furn\u00e9mont"},"content":{"rendered":"<p>[vc_row el_class=&#8221;about_company&#8221;][vc_column width=&#8221;1\/2&#8243;][vc_single_image image=&#8221;4797&#8243; img_size=&#8221;full&#8221;][\/vc_column][vc_column width=&#8221;1\/2&#8243;][vc_column_text el_class=&#8221;text-justif&#8221;]Jean-Fran\u00e7ois Furn\u00e9mont is the Founder and CEO of <a href=\"https:\/\/wagner-hatfield.com\/#\/home\">Wagner-Hatfield<\/a>, a research and consulting company offering numerous services pertaining to policy, regulation and strategy in the media and digital economy sectors.<\/p>\n<p>Jean-Fran\u00e7ois holds a BA in Journalism and Communication Studies at the Universit\u00e9 Libre de Bruxelles \u2013 ULB, a MA in International Relations and European policy at the Universit\u00e9 de Li\u00e8ge \u2013 ULG and a MA in Public Finances at the Universit\u00e9 Catholique de Louvain \u2013 UCL. Former freelance journalist and former spokesman of a political party, he is the author of several books of political science and a number of publications on media policy and regulation.<\/p>\n<p>He held the position of Director General (2003-2014) of the audiovisual media regulatory authority (<a href=\"https:\/\/www.csa.be\/\">CSA<\/a>) of the French speaking Community in Belgium. He has also been actively involved in the Board of the European Platform of Regulatory Authorities (<a href=\"https:\/\/www.epra.org\/\">EPRA<\/a>) as vice-Chairman (2008-2011) and as Chairman (2011-2014).<\/p>\n<p>As the author of many studies, research projects and publications, Jean-Fran\u00e7ois excels in the following fields : drafting and reviewing of media primary\/secondary legislation and broadcasting codes, advice and capacity building for media regulatory authorities and ministries, material scope of media regulation (online media, social networks, video-sharing platforms), jurisdiction issues, licensing and related systems, media concentration and transparency of media ownership, promotion of domestic and European works and financial support schemes to audiovisual creation, hate speech, fight against disinformation, protection of minors, commercial communications, articulation between self- and co-regulation and statutory regulation.[\/vc_column_text][\/vc_column][\/vc_row]<\/p>\n<!-- AddThis Advanced Settings generic via filter on the_content --><!-- AddThis Share Buttons generic via filter on the_content -->","protected":false},"excerpt":{"rendered":"<p>[vc_row el_class=&#8221;about_company&#8221;][vc_column width=&#8221;1\/2&#8243;][vc_single_image image=&#8221;4797&#8243; img_size=&#8221;full&#8221;][\/vc_column][vc_column width=&#8221;1\/2&#8243;][vc_column_text el_class=&#8221;text-justif&#8221;]Jean-Fran\u00e7ois Furn\u00e9mont is the Founder and CEO of Wagner-Hatfield, a research and consulting company offering numerous services pertaining to policy, regulation and strategy in the media and digital economy sectors. Jean-Fran\u00e7ois holds a BA in Journalism and Communication Studies at the Universit\u00e9 Libre de Bruxelles \u2013 ULB, a MA<!-- AddThis Advanced Settings generic via filter on get_the_excerpt --><!-- AddThis Share Buttons generic via filter on get_the_excerpt --><\/p>\n","protected":false},"author":1,"featured_media":0,"parent":1938,"menu_order":0,"comment_status":"closed","ping_status":"closed","template":"","meta":{"inline_featured_image":false,"_links_to":"","_links_to_target":""},"yoast_head":"<!-- This site is optimized with the Yoast SEO plugin v21.1 - https:\/\/yoast.com\/wordpress\/plugins\/seo\/ -->\n<title>Jean-Fran\u00e7ois Furn\u00e9mont - CRRM<\/title>\n<meta name=\"robots\" content=\"index, follow, max-snippet:-1, max-image-preview:large, max-video-preview:-1\" \/>\n<link rel=\"canonical\" href=\"https:\/\/www.mediaregulation.org\/en\/the-mrrc\/editorial-team\/jean-francois-furnemont\/\" \/>\n<meta property=\"og:locale\" content=\"en_US\" \/>\n<meta property=\"og:type\" content=\"article\" \/>\n<meta property=\"og:title\" content=\"Jean-Fran\u00e7ois Furn\u00e9mont - CRRM\" \/>\n<meta property=\"og:description\" content=\"[vc_row el_class=&#8221;about_company&#8221;][vc_column width=&#8221;1\/2&#8243;][vc_single_image image=&#8221;4797&#8243; img_size=&#8221;full&#8221;][\/vc_column][vc_column width=&#8221;1\/2&#8243;][vc_column_text el_class=&#8221;text-justif&#8221;]Jean-Fran\u00e7ois Furn\u00e9mont is the Founder and CEO of Wagner-Hatfield, a research and consulting company offering numerous services pertaining to policy, regulation and strategy in the media and digital economy sectors. Jean-Fran\u00e7ois holds a BA in Journalism and Communication Studies at the Universit\u00e9 Libre de Bruxelles \u2013 ULB, a MA\" \/>\n<meta property=\"og:url\" content=\"https:\/\/www.mediaregulation.org\/en\/the-mrrc\/editorial-team\/jean-francois-furnemont\/\" \/>\n<meta property=\"og:site_name\" content=\"CRRM\" \/>\n<meta property=\"article:publisher\" content=\"https:\/\/www.facebook.com\/regulationmedia\/\" \/>\n<meta property=\"article:modified_time\" content=\"2022-02-27T09:15:51+00:00\" \/>\n<meta name=\"twitter:card\" content=\"summary_large_image\" \/>\n<meta name=\"twitter:site\" content=\"@mediaregulatio1\" \/>\n<meta name=\"twitter:label1\" content=\"Est. reading time\" \/>\n\t<meta name=\"twitter:data1\" content=\"1 minute\" \/>\n<script type=\"application\/ld+json\" class=\"yoast-schema-graph\">{\"@context\":\"https:\/\/schema.org\",\"@graph\":[{\"@type\":\"WebPage\",\"@id\":\"https:\/\/www.mediaregulation.org\/en\/the-mrrc\/editorial-team\/jean-francois-furnemont\/\",\"url\":\"https:\/\/www.mediaregulation.org\/en\/the-mrrc\/editorial-team\/jean-francois-furnemont\/\",\"name\":\"Jean-Fran\u00e7ois Furn\u00e9mont - CRRM\",\"isPartOf\":{\"@id\":\"https:\/\/www.mediaregulation.org\/ar\/#website\"},\"datePublished\":\"2021-12-23T15:01:34+00:00\",\"dateModified\":\"2022-02-27T09:15:51+00:00\",\"breadcrumb\":{\"@id\":\"https:\/\/www.mediaregulation.org\/en\/the-mrrc\/editorial-team\/jean-francois-furnemont\/#breadcrumb\"},\"inLanguage\":\"en-US\",\"potentialAction\":[{\"@type\":\"ReadAction\",\"target\":[\"https:\/\/www.mediaregulation.org\/en\/the-mrrc\/editorial-team\/jean-francois-furnemont\/\"]}]},{\"@type\":\"BreadcrumbList\",\"@id\":\"https:\/\/www.mediaregulation.org\/en\/the-mrrc\/editorial-team\/jean-francois-furnemont\/#breadcrumb\",\"itemListElement\":[{\"@type\":\"ListItem\",\"position\":1,\"name\":\"Accueil\",\"item\":\"https:\/\/www.mediaregulation.org\/en\/\"},{\"@type\":\"ListItem\",\"position\":2,\"name\":\"The MRRC\",\"item\":\"https:\/\/www.mediaregulation.org\/en\/the-mrrc\/\"},{\"@type\":\"ListItem\",\"position\":3,\"name\":\"Editorial team\",\"item\":\"https:\/\/www.mediaregulation.org\/en\/the-mrrc\/editorial-team\/\"},{\"@type\":\"ListItem\",\"position\":4,\"name\":\"Jean-Fran\u00e7ois Furn\u00e9mont\"}]},{\"@type\":\"WebSite\",\"@id\":\"https:\/\/www.mediaregulation.org\/ar\/#website\",\"url\":\"https:\/\/www.mediaregulation.org\/ar\/\",\"name\":\"CRRM\",\"description\":\"Centre de ressources sur la r\u00e9gulation des M\u00e9dias\",\"publisher\":{\"@id\":\"https:\/\/www.mediaregulation.org\/ar\/#organization\"},\"potentialAction\":[{\"@type\":\"SearchAction\",\"target\":{\"@type\":\"EntryPoint\",\"urlTemplate\":\"https:\/\/www.mediaregulation.org\/ar\/?s={search_term_string}\"},\"query-input\":\"required name=search_term_string\"}],\"inLanguage\":\"en-US\"},{\"@type\":\"Organization\",\"@id\":\"https:\/\/www.mediaregulation.org\/ar\/#organization\",\"name\":\"Centre de ressources en ligne sur la r\u00e9gulation des m\u00e9dias, l'autor\u00e9gulation et l'\u00e9ducation aux m\u00e9dias (CRRM)\",\"url\":\"https:\/\/www.mediaregulation.org\/ar\/\",\"logo\":{\"@type\":\"ImageObject\",\"inLanguage\":\"en-US\",\"@id\":\"https:\/\/www.mediaregulation.org\/ar\/#\/schema\/logo\/image\/\",\"url\":\"https:\/\/www.mediaregulation.org\/wp-content\/uploads\/2022\/05\/logo-fr-desctop-2.jpeg\",\"contentUrl\":\"https:\/\/www.mediaregulation.org\/wp-content\/uploads\/2022\/05\/logo-fr-desctop-2.jpeg\",\"width\":560,\"height\":74,\"caption\":\"Centre de ressources en ligne sur la r\u00e9gulation des m\u00e9dias, l'autor\u00e9gulation et l'\u00e9ducation aux m\u00e9dias (CRRM)\"},\"image\":{\"@id\":\"https:\/\/www.mediaregulation.org\/ar\/#\/schema\/logo\/image\/\"},\"sameAs\":[\"https:\/\/www.facebook.com\/regulationmedia\/\",\"https:\/\/twitter.com\/mediaregulatio1\",\"https:\/\/www.youtube.com\/channel\/UC_PWIr_i5cWscxsu_Zno_Jg\"]}]}<\/script>\n<!-- \/ Yoast SEO plugin. -->","yoast_head_json":{"title":"Jean-Fran\u00e7ois Furn\u00e9mont - CRRM","robots":{"index":"index","follow":"follow","max-snippet":"max-snippet:-1","max-image-preview":"max-image-preview:large","max-video-preview":"max-video-preview:-1"},"canonical":"https:\/\/www.mediaregulation.org\/en\/the-mrrc\/editorial-team\/jean-francois-furnemont\/","og_locale":"en_US","og_type":"article","og_title":"Jean-Fran\u00e7ois Furn\u00e9mont - CRRM","og_description":"[vc_row el_class=&#8221;about_company&#8221;][vc_column width=&#8221;1\/2&#8243;][vc_single_image image=&#8221;4797&#8243; img_size=&#8221;full&#8221;][\/vc_column][vc_column width=&#8221;1\/2&#8243;][vc_column_text el_class=&#8221;text-justif&#8221;]Jean-Fran\u00e7ois Furn\u00e9mont is the Founder and CEO of Wagner-Hatfield, a research and consulting company offering numerous services pertaining to policy, regulation and strategy in the media and digital economy sectors. Jean-Fran\u00e7ois holds a BA in Journalism and Communication Studies at the Universit\u00e9 Libre de Bruxelles \u2013 ULB, a MA","og_url":"https:\/\/www.mediaregulation.org\/en\/the-mrrc\/editorial-team\/jean-francois-furnemont\/","og_site_name":"CRRM","article_publisher":"https:\/\/www.facebook.com\/regulationmedia\/","article_modified_time":"2022-02-27T09:15:51+00:00","twitter_card":"summary_large_image","twitter_site":"@mediaregulatio1","twitter_misc":{"Est. reading time":"1 minute"},"schema":{"@context":"https:\/\/schema.org","@graph":[{"@type":"WebPage","@id":"https:\/\/www.mediaregulation.org\/en\/the-mrrc\/editorial-team\/jean-francois-furnemont\/","url":"https:\/\/www.mediaregulation.org\/en\/the-mrrc\/editorial-team\/jean-francois-furnemont\/","name":"Jean-Fran\u00e7ois Furn\u00e9mont - CRRM","isPartOf":{"@id":"https:\/\/www.mediaregulation.org\/ar\/#website"},"datePublished":"2021-12-23T15:01:34+00:00","dateModified":"2022-02-27T09:15:51+00:00","breadcrumb":{"@id":"https:\/\/www.mediaregulation.org\/en\/the-mrrc\/editorial-team\/jean-francois-furnemont\/#breadcrumb"},"inLanguage":"en-US","potentialAction":[{"@type":"ReadAction","target":["https:\/\/www.mediaregulation.org\/en\/the-mrrc\/editorial-team\/jean-francois-furnemont\/"]}]},{"@type":"BreadcrumbList","@id":"https:\/\/www.mediaregulation.org\/en\/the-mrrc\/editorial-team\/jean-francois-furnemont\/#breadcrumb","itemListElement":[{"@type":"ListItem","position":1,"name":"Accueil","item":"https:\/\/www.mediaregulation.org\/en\/"},{"@type":"ListItem","position":2,"name":"The MRRC","item":"https:\/\/www.mediaregulation.org\/en\/the-mrrc\/"},{"@type":"ListItem","position":3,"name":"Editorial team","item":"https:\/\/www.mediaregulation.org\/en\/the-mrrc\/editorial-team\/"},{"@type":"ListItem","position":4,"name":"Jean-Fran\u00e7ois Furn\u00e9mont"}]},{"@type":"WebSite","@id":"https:\/\/www.mediaregulation.org\/ar\/#website","url":"https:\/\/www.mediaregulation.org\/ar\/","name":"CRRM","description":"Centre de ressources sur la r\u00e9gulation des M\u00e9dias","publisher":{"@id":"https:\/\/www.mediaregulation.org\/ar\/#organization"},"potentialAction":[{"@type":"SearchAction","target":{"@type":"EntryPoint","urlTemplate":"https:\/\/www.mediaregulation.org\/ar\/?s={search_term_string}"},"query-input":"required name=search_term_string"}],"inLanguage":"en-US"},{"@type":"Organization","@id":"https:\/\/www.mediaregulation.org\/ar\/#organization","name":"Centre de ressources en ligne sur la r\u00e9gulation des m\u00e9dias, l'autor\u00e9gulation et l'\u00e9ducation aux m\u00e9dias (CRRM)","url":"https:\/\/www.mediaregulation.org\/ar\/","logo":{"@type":"ImageObject","inLanguage":"en-US","@id":"https:\/\/www.mediaregulation.org\/ar\/#\/schema\/logo\/image\/","url":"https:\/\/www.mediaregulation.org\/wp-content\/uploads\/2022\/05\/logo-fr-desctop-2.jpeg","contentUrl":"https:\/\/www.mediaregulation.org\/wp-content\/uploads\/2022\/05\/logo-fr-desctop-2.jpeg","width":560,"height":74,"caption":"Centre de ressources en ligne sur la r\u00e9gulation des m\u00e9dias, l'autor\u00e9gulation et l'\u00e9ducation aux m\u00e9dias (CRRM)"},"image":{"@id":"https:\/\/www.mediaregulation.org\/ar\/#\/schema\/logo\/image\/"},"sameAs":["https:\/\/www.facebook.com\/regulationmedia\/","https:\/\/twitter.com\/mediaregulatio1","https:\/\/www.youtube.com\/channel\/UC_PWIr_i5cWscxsu_Zno_Jg"]}]}},"_links":{"self":[{"href":"https:\/\/www.mediaregulation.org\/en\/wp-json\/wp\/v2\/pages\/3488"}],"collection":[{"href":"https:\/\/www.mediaregulation.org\/en\/wp-json\/wp\/v2\/pages"}],"about":[{"href":"https:\/\/www.mediaregulation.org\/en\/wp-json\/wp\/v2\/types\/page"}],"author":[{"embeddable":true,"href":"https:\/\/www.mediaregulation.org\/en\/wp-json\/wp\/v2\/users\/1"}],"replies":[{"embeddable":true,"href":"https:\/\/www.mediaregulation.org\/en\/wp-json\/wp\/v2\/comments?post=3488"}],"version-history":[{"count":6,"href":"https:\/\/www.mediaregulation.org\/en\/wp-json\/wp\/v2\/pages\/3488\/revisions"}],"predecessor-version":[{"id":5317,"href":"https:\/\/www.mediaregulation.org\/en\/wp-json\/wp\/v2\/pages\/3488\/revisions\/5317"}],"up":[{"embeddable":true,"href":"https:\/\/www.mediaregulation.org\/en\/wp-json\/wp\/v2\/pages\/1938"}],"wp:attachment":[{"href":"https:\/\/www.mediaregulation.org\/en\/wp-json\/wp\/v2\/media?parent=3488"}],"curies":[{"name":"wp","href":"https:\/\/api.w.org\/{rel}","templated":true}]}}

Jean-François Furnémont

<p>[vc_row el_class=&#8221;about_company&#8221;][vc_column width=&#8221;1/2&#8243;][vc_single_image image=&#8221;4797&#8243; img_size=&#8221;full&#8221;][/vc_column][vc_column width=&#8221;1/2&#8243;][vc_column_text el_class=&#8221;text-justif&#8221;]Jean-François Furnémont is the Founder and CEO of <a href="https://wagner-hatfield.com/#/home">Wagner-Hatfield</a>, a research and consulting company offering numerous services pertaining to policy, regulation and strategy in the media and digital economy sectors.</p>
<p>Jean-François holds a BA in Journalism and Communication Studies at the Université Libre de Bruxelles – ULB, a MA in International Relations and European policy at the Université de Liège – ULG and a MA in Public Finances at the Université Catholique de Louvain – UCL. Former freelance journalist and former spokesman of a political party, he is the author of several books of political science and a number of publications on media policy and regulation.</p>
<p>He held the position of Director General (2003-2014) of the audiovisual media regulatory authority (<a href="https://www.csa.be/">CSA</a>) of the French speaking Community in Belgium. He has also been actively involved in the Board of the European Platform of Regulatory Authorities (<a href="https://www.epra.org/">EPRA</a>) as vice-Chairman (2008-2011) and as Chairman (2011-2014).</p>
<p>As the author of many studies, research projects and publications, Jean-François excels in the following fields : drafting and reviewing of media primary/secondary legislation and broadcasting codes, advice and capacity building for media regulatory authorities and ministries, material scope of media regulation (online media, social networks, video-sharing platforms), jurisdiction issues, licensing and related systems, media concentration and transparency of media ownership, promotion of domestic and European works and financial support schemes to audiovisual creation, hate speech, fight against disinformation, protection of minors, commercial communications, articulation between self- and co-regulation and statutory regulation.[/vc_column_text][/vc_column][/vc_row]</p>
<!-- AddThis Advanced Settings generic via filter on the_content --><!-- AddThis Share Buttons generic via filter on the_content -->

<p>[vc_row el_class=&#8221;about_company&#8221;][vc_column width=&#8221;1/2&#8243;][vc_single_image image=&#8221;4797&#8243; img_size=&#8221;full&#8221;][/vc_column][vc_column width=&#8221;1/2&#8243;][vc_column_text el_class=&#8221;text-justif&#8221;]Jean-François Furnémont is the Founder and CEO of Wagner-Hatfield, a research and consulting company offering numerous services pertaining to policy, regulation and strategy in the media and digital economy sectors. Jean-François holds a BA in Journalism and Communication Studies at the Université Libre de Bruxelles – ULB, a MA<!-- AddThis Advanced Settings generic via filter on get_the_excerpt --><!-- AddThis Share Buttons generic via filter on get_the_excerpt --></p>

<!-- This site is optimized with the Yoast SEO plugin v21.1 - https://yoast.com/wordpress/plugins/seo/ -->
<title>Jean-François Furnémont - CRRM</title>
<meta name="robots" content="index, follow, max-snippet:-1, max-image-preview:large, max-video-preview:-1" />
<link rel="canonical" href="https://www.mediaregulation.org/en/the-mrrc/editorial-team/jean-francois-furnemont/" />
<meta property="og:locale" content="en_US" />
<meta property="og:type" content="article" />
<meta property="og:title" content="Jean-François Furnémont - CRRM" />
<meta property="og:description" content="[vc_row el_class=&#8221;about_company&#8221;][vc_column width=&#8221;1/2&#8243;][vc_single_image image=&#8221;4797&#8243; img_size=&#8221;full&#8221;][/vc_column][vc_column width=&#8221;1/2&#8243;][vc_column_text el_class=&#8221;text-justif&#8221;]Jean-François Furnémont is the Founder and CEO of Wagner-Hatfield, a research and consulting company offering numerous services pertaining to policy, regulation and strategy in the media and digital economy sectors. Jean-François holds a BA in Journalism and Communication Studies at the Université Libre de Bruxelles – ULB, a MA" />
<meta property="og:url" content="https://www.mediaregulation.org/en/the-mrrc/editorial-team/jean-francois-furnemont/" />
<meta property="og:site_name" content="CRRM" />
<meta property="article:publisher" content="https://www.facebook.com/regulationmedia/" />
<meta property="article:modified_time" content="2022-02-27T09:15:51+00:00" />
<meta name="twitter:card" content="summary_large_image" />
<meta name="twitter:site" content="@mediaregulatio1" />
<meta name="twitter:label1" content="Est. reading time" />
	<meta name="twitter:data1" content="1 minute" />
<script type="application/ld+json" class="yoast-schema-graph">{"@context":"https://schema.org","@graph":[{"@type":"WebPage","@id":"https://www.mediaregulation.org/en/the-mrrc/editorial-team/jean-francois-furnemont/","url":"https://www.mediaregulation.org/en/the-mrrc/editorial-team/jean-francois-furnemont/","name":"Jean-François Furnémont - CRRM","isPartOf":{"@id":"https://www.mediaregulation.org/ar/#website"},"datePublished":"2021-12-23T15:01:34+00:00","dateModified":"2022-02-27T09:15:51+00:00","breadcrumb":{"@id":"https://www.mediaregulation.org/en/the-mrrc/editorial-team/jean-francois-furnemont/#breadcrumb"},"inLanguage":"en-US","potentialAction":[{"@type":"ReadAction","target":["https://www.mediaregulation.org/en/the-mrrc/editorial-team/jean-francois-furnemont/"]}]},{"@type":"BreadcrumbList","@id":"https://www.mediaregulation.org/en/the-mrrc/editorial-team/jean-francois-furnemont/#breadcrumb","itemListElement":[{"@type":"ListItem","position":1,"name":"Accueil","item":"https://www.mediaregulation.org/en/"},{"@type":"ListItem","position":2,"name":"The MRRC","item":"https://www.mediaregulation.org/en/the-mrrc/"},{"@type":"ListItem","position":3,"name":"Editorial team","item":"https://www.mediaregulation.org/en/the-mrrc/editorial-team/"},{"@type":"ListItem","position":4,"name":"Jean-François Furnémont"}]},{"@type":"WebSite","@id":"https://www.mediaregulation.org/ar/#website","url":"https://www.mediaregulation.org/ar/","name":"CRRM","description":"Centre de ressources sur la régulation des Médias","publisher":{"@id":"https://www.mediaregulation.org/ar/#organization"},"potentialAction":[{"@type":"SearchAction","target":{"@type":"EntryPoint","urlTemplate":"https://www.mediaregulation.org/ar/?s={search_term_string}"},"query-input":"required name=search_term_string"}],"inLanguage":"en-US"},{"@type":"Organization","@id":"https://www.mediaregulation.org/ar/#organization","name":"Centre de ressources en ligne sur la régulation des médias, l'autorégulation et l'éducation aux médias (CRRM)","url":"https://www.mediaregulation.org/ar/","logo":{"@type":"ImageObject","inLanguage":"en-US","@id":"https://www.mediaregulation.org/ar/#/schema/logo/image/","url":"https://www.mediaregulation.org/wp-content/uploads/2022/05/logo-fr-desctop-2.jpeg","contentUrl":"https://www.mediaregulation.org/wp-content/uploads/2022/05/logo-fr-desctop-2.jpeg","width":560,"height":74,"caption":"Centre de ressources en ligne sur la régulation des médias, l'autorégulation et l'éducation aux médias (CRRM)"},"image":{"@id":"https://www.mediaregulation.org/ar/#/schema/logo/image/"},"sameAs":["https://www.facebook.com/regulationmedia/","https://twitter.com/mediaregulatio1","https://www.youtube.com/channel/UC_PWIr_i5cWscxsu_Zno_Jg"]}]}</script>
<!-- / Yoast SEO plugin. -->

Jean-François Furnémont - CRRM

[vc_row el_class=&#8221;about_company&#8221;][vc_column width=&#8221;1/2&#8243;][vc_single_image image=&#8221;4797&#8243; img_size=&#8221;full&#8221;][/vc_column][vc_column width=&#8221;1/2&#8243;][vc_column_text el_class=&#8221;text-justif&#8221;]Jean-François Furnémont is the Founder and CEO of Wagner-Hatfield, a research and consulting company offering numerous services pertaining to policy, regulation and strategy in the media and digital economy sectors. Jean-François holds a BA in Journalism and Communication Studies at the Université Libre de Bruxelles – ULB, a MA

Centre de ressources sur la régulation des Médias

Centre de ressources en ligne sur la régulation des médias, l'autorégulation et l'éducation aux médias (CRRM)
