{"id":4584,"date":"2022-01-11T14:56:22","date_gmt":"2022-01-11T13:56:22","guid":{"rendered":"https:\/\/www.mediaregulation.org\/?page_id=4584"},"modified":"2022-01-14T16:29:12","modified_gmt":"2022-01-14T15:29:12","slug":"patrick-penninckx","status":"publish","type":"page","link":"https:\/\/www.mediaregulation.org\/en\/patrick-penninckx\/","title":{"rendered":"Patrick Penninckx"},"content":{"rendered":"<p>[vc_row el_class=&#8221;about_company&#8221;][vc_column width=&#8221;1\/2&#8243;][vc_single_image image=&#8221;4761&#8243; img_size=&#8221;full&#8221;][\/vc_column][vc_column width=&#8221;1\/2&#8243;][vc_column_text el_class=&#8221;text-justif&#8221;]Patrick Penninckx has spent the last thirty years at the Council of Europe, contributing to the development and renewal of the Organization, while developing national and international partnerships.<\/p>\n<p>As head of the Information Society Department within the Directorate General of Human Rights and Rule of Law, Patrick puts all his expertise to work in order to coordinate standardization and cooperation activities in the fields of media, internet governance, data protection, cybercrime and artificial intelligence. In addition, he is also responsible for projects related to public-private partnerships and cooperation with companies.<\/p>\n<p>His professional expertise covers areas such as freedom of expression, safety of journalists, good internet governance, international data protection standards, the fight against cybercrime and the impact of Artificial Intelligence on human rights.<\/p>\n<p>A spokesperson for the values and achievements of the Council of Europe in these areas, he holds degrees in political science and education from the University of Leuven.<\/p>\n<p>Previously, Patrick oversaw the development of human resources policy, transforming administrative personnel management into a competency-based human resources policy.[\/vc_column_text][\/vc_column][\/vc_row]<\/p>\n<!-- AddThis Advanced Settings generic via filter on the_content --><!-- AddThis Share Buttons generic via filter on the_content -->","protected":false},"excerpt":{"rendered":"<p>[vc_row el_class=&#8221;about_company&#8221;][vc_column width=&#8221;1\/2&#8243;][vc_single_image image=&#8221;4761&#8243; img_size=&#8221;full&#8221;][\/vc_column][vc_column width=&#8221;1\/2&#8243;][vc_column_text el_class=&#8221;text-justif&#8221;]Patrick Penninckx has spent the last thirty years at the Council of Europe, contributing to the development and renewal of the Organization, while developing national and international partnerships. As head of the Information Society Department within the Directorate General of Human Rights and Rule of Law, Patrick puts all<!-- AddThis Advanced Settings generic via filter on get_the_excerpt --><!-- AddThis Share Buttons generic via filter on get_the_excerpt --><\/p>\n","protected":false},"author":2,"featured_media":0,"parent":0,"menu_order":0,"comment_status":"closed","ping_status":"closed","template":"","meta":{"inline_featured_image":false,"_links_to":"","_links_to_target":""},"yoast_head":"<!-- This site is optimized with the Yoast SEO plugin v21.1 - https:\/\/yoast.com\/wordpress\/plugins\/seo\/ -->\n<title>Patrick Penninckx - CRRM<\/title>\n<meta name=\"robots\" content=\"index, follow, max-snippet:-1, max-image-preview:large, max-video-preview:-1\" \/>\n<link rel=\"canonical\" href=\"https:\/\/www.mediaregulation.org\/en\/patrick-penninckx\/\" \/>\n<meta property=\"og:locale\" content=\"en_US\" \/>\n<meta property=\"og:type\" content=\"article\" \/>\n<meta property=\"og:title\" content=\"Patrick Penninckx - CRRM\" \/>\n<meta property=\"og:description\" content=\"[vc_row el_class=&#8221;about_company&#8221;][vc_column width=&#8221;1\/2&#8243;][vc_single_image image=&#8221;4761&#8243; img_size=&#8221;full&#8221;][\/vc_column][vc_column width=&#8221;1\/2&#8243;][vc_column_text el_class=&#8221;text-justif&#8221;]Patrick Penninckx has spent the last thirty years at the Council of Europe, contributing to the development and renewal of the Organization, while developing national and international partnerships. As head of the Information Society Department within the Directorate General of Human Rights and Rule of Law, Patrick puts all\" \/>\n<meta property=\"og:url\" content=\"https:\/\/www.mediaregulation.org\/en\/patrick-penninckx\/\" \/>\n<meta property=\"og:site_name\" content=\"CRRM\" \/>\n<meta property=\"article:publisher\" content=\"https:\/\/www.facebook.com\/regulationmedia\/\" \/>\n<meta property=\"article:modified_time\" content=\"2022-01-14T15:29:12+00:00\" \/>\n<meta name=\"twitter:card\" content=\"summary_large_image\" \/>\n<meta name=\"twitter:site\" content=\"@mediaregulatio1\" \/>\n<meta name=\"twitter:label1\" content=\"Est. reading time\" \/>\n\t<meta name=\"twitter:data1\" content=\"1 minute\" \/>\n<script type=\"application\/ld+json\" class=\"yoast-schema-graph\">{\"@context\":\"https:\/\/schema.org\",\"@graph\":[{\"@type\":\"WebPage\",\"@id\":\"https:\/\/www.mediaregulation.org\/en\/patrick-penninckx\/\",\"url\":\"https:\/\/www.mediaregulation.org\/en\/patrick-penninckx\/\",\"name\":\"Patrick Penninckx - CRRM\",\"isPartOf\":{\"@id\":\"https:\/\/www.mediaregulation.org\/ar\/#website\"},\"datePublished\":\"2022-01-11T13:56:22+00:00\",\"dateModified\":\"2022-01-14T15:29:12+00:00\",\"breadcrumb\":{\"@id\":\"https:\/\/www.mediaregulation.org\/en\/patrick-penninckx\/#breadcrumb\"},\"inLanguage\":\"en-US\",\"potentialAction\":[{\"@type\":\"ReadAction\",\"target\":[\"https:\/\/www.mediaregulation.org\/en\/patrick-penninckx\/\"]}]},{\"@type\":\"BreadcrumbList\",\"@id\":\"https:\/\/www.mediaregulation.org\/en\/patrick-penninckx\/#breadcrumb\",\"itemListElement\":[{\"@type\":\"ListItem\",\"position\":1,\"name\":\"Accueil\",\"item\":\"https:\/\/www.mediaregulation.org\/en\/\"},{\"@type\":\"ListItem\",\"position\":2,\"name\":\"Patrick Penninckx\"}]},{\"@type\":\"WebSite\",\"@id\":\"https:\/\/www.mediaregulation.org\/ar\/#website\",\"url\":\"https:\/\/www.mediaregulation.org\/ar\/\",\"name\":\"CRRM\",\"description\":\"Centre de ressources sur la r\u00e9gulation des M\u00e9dias\",\"publisher\":{\"@id\":\"https:\/\/www.mediaregulation.org\/ar\/#organization\"},\"potentialAction\":[{\"@type\":\"SearchAction\",\"target\":{\"@type\":\"EntryPoint\",\"urlTemplate\":\"https:\/\/www.mediaregulation.org\/ar\/?s={search_term_string}\"},\"query-input\":\"required name=search_term_string\"}],\"inLanguage\":\"en-US\"},{\"@type\":\"Organization\",\"@id\":\"https:\/\/www.mediaregulation.org\/ar\/#organization\",\"name\":\"Centre de ressources en ligne sur la r\u00e9gulation des m\u00e9dias, l'autor\u00e9gulation et l'\u00e9ducation aux m\u00e9dias (CRRM)\",\"url\":\"https:\/\/www.mediaregulation.org\/ar\/\",\"logo\":{\"@type\":\"ImageObject\",\"inLanguage\":\"en-US\",\"@id\":\"https:\/\/www.mediaregulation.org\/ar\/#\/schema\/logo\/image\/\",\"url\":\"https:\/\/www.mediaregulation.org\/wp-content\/uploads\/2022\/05\/logo-fr-desctop-2.jpeg\",\"contentUrl\":\"https:\/\/www.mediaregulation.org\/wp-content\/uploads\/2022\/05\/logo-fr-desctop-2.jpeg\",\"width\":560,\"height\":74,\"caption\":\"Centre de ressources en ligne sur la r\u00e9gulation des m\u00e9dias, l'autor\u00e9gulation et l'\u00e9ducation aux m\u00e9dias (CRRM)\"},\"image\":{\"@id\":\"https:\/\/www.mediaregulation.org\/ar\/#\/schema\/logo\/image\/\"},\"sameAs\":[\"https:\/\/www.facebook.com\/regulationmedia\/\",\"https:\/\/twitter.com\/mediaregulatio1\",\"https:\/\/www.youtube.com\/channel\/UC_PWIr_i5cWscxsu_Zno_Jg\"]}]}<\/script>\n<!-- \/ Yoast SEO plugin. -->","yoast_head_json":{"title":"Patrick Penninckx - CRRM","robots":{"index":"index","follow":"follow","max-snippet":"max-snippet:-1","max-image-preview":"max-image-preview:large","max-video-preview":"max-video-preview:-1"},"canonical":"https:\/\/www.mediaregulation.org\/en\/patrick-penninckx\/","og_locale":"en_US","og_type":"article","og_title":"Patrick Penninckx - CRRM","og_description":"[vc_row el_class=&#8221;about_company&#8221;][vc_column width=&#8221;1\/2&#8243;][vc_single_image image=&#8221;4761&#8243; img_size=&#8221;full&#8221;][\/vc_column][vc_column width=&#8221;1\/2&#8243;][vc_column_text el_class=&#8221;text-justif&#8221;]Patrick Penninckx has spent the last thirty years at the Council of Europe, contributing to the development and renewal of the Organization, while developing national and international partnerships. As head of the Information Society Department within the Directorate General of Human Rights and Rule of Law, Patrick puts all","og_url":"https:\/\/www.mediaregulation.org\/en\/patrick-penninckx\/","og_site_name":"CRRM","article_publisher":"https:\/\/www.facebook.com\/regulationmedia\/","article_modified_time":"2022-01-14T15:29:12+00:00","twitter_card":"summary_large_image","twitter_site":"@mediaregulatio1","twitter_misc":{"Est. reading time":"1 minute"},"schema":{"@context":"https:\/\/schema.org","@graph":[{"@type":"WebPage","@id":"https:\/\/www.mediaregulation.org\/en\/patrick-penninckx\/","url":"https:\/\/www.mediaregulation.org\/en\/patrick-penninckx\/","name":"Patrick Penninckx - CRRM","isPartOf":{"@id":"https:\/\/www.mediaregulation.org\/ar\/#website"},"datePublished":"2022-01-11T13:56:22+00:00","dateModified":"2022-01-14T15:29:12+00:00","breadcrumb":{"@id":"https:\/\/www.mediaregulation.org\/en\/patrick-penninckx\/#breadcrumb"},"inLanguage":"en-US","potentialAction":[{"@type":"ReadAction","target":["https:\/\/www.mediaregulation.org\/en\/patrick-penninckx\/"]}]},{"@type":"BreadcrumbList","@id":"https:\/\/www.mediaregulation.org\/en\/patrick-penninckx\/#breadcrumb","itemListElement":[{"@type":"ListItem","position":1,"name":"Accueil","item":"https:\/\/www.mediaregulation.org\/en\/"},{"@type":"ListItem","position":2,"name":"Patrick Penninckx"}]},{"@type":"WebSite","@id":"https:\/\/www.mediaregulation.org\/ar\/#website","url":"https:\/\/www.mediaregulation.org\/ar\/","name":"CRRM","description":"Centre de ressources sur la r\u00e9gulation des M\u00e9dias","publisher":{"@id":"https:\/\/www.mediaregulation.org\/ar\/#organization"},"potentialAction":[{"@type":"SearchAction","target":{"@type":"EntryPoint","urlTemplate":"https:\/\/www.mediaregulation.org\/ar\/?s={search_term_string}"},"query-input":"required name=search_term_string"}],"inLanguage":"en-US"},{"@type":"Organization","@id":"https:\/\/www.mediaregulation.org\/ar\/#organization","name":"Centre de ressources en ligne sur la r\u00e9gulation des m\u00e9dias, l'autor\u00e9gulation et l'\u00e9ducation aux m\u00e9dias (CRRM)","url":"https:\/\/www.mediaregulation.org\/ar\/","logo":{"@type":"ImageObject","inLanguage":"en-US","@id":"https:\/\/www.mediaregulation.org\/ar\/#\/schema\/logo\/image\/","url":"https:\/\/www.mediaregulation.org\/wp-content\/uploads\/2022\/05\/logo-fr-desctop-2.jpeg","contentUrl":"https:\/\/www.mediaregulation.org\/wp-content\/uploads\/2022\/05\/logo-fr-desctop-2.jpeg","width":560,"height":74,"caption":"Centre de ressources en ligne sur la r\u00e9gulation des m\u00e9dias, l'autor\u00e9gulation et l'\u00e9ducation aux m\u00e9dias (CRRM)"},"image":{"@id":"https:\/\/www.mediaregulation.org\/ar\/#\/schema\/logo\/image\/"},"sameAs":["https:\/\/www.facebook.com\/regulationmedia\/","https:\/\/twitter.com\/mediaregulatio1","https:\/\/www.youtube.com\/channel\/UC_PWIr_i5cWscxsu_Zno_Jg"]}]}},"_links":{"self":[{"href":"https:\/\/www.mediaregulation.org\/en\/wp-json\/wp\/v2\/pages\/4584"}],"collection":[{"href":"https:\/\/www.mediaregulation.org\/en\/wp-json\/wp\/v2\/pages"}],"about":[{"href":"https:\/\/www.mediaregulation.org\/en\/wp-json\/wp\/v2\/types\/page"}],"author":[{"embeddable":true,"href":"https:\/\/www.mediaregulation.org\/en\/wp-json\/wp\/v2\/users\/2"}],"replies":[{"embeddable":true,"href":"https:\/\/www.mediaregulation.org\/en\/wp-json\/wp\/v2\/comments?post=4584"}],"version-history":[{"count":5,"href":"https:\/\/www.mediaregulation.org\/en\/wp-json\/wp\/v2\/pages\/4584\/revisions"}],"predecessor-version":[{"id":4763,"href":"https:\/\/www.mediaregulation.org\/en\/wp-json\/wp\/v2\/pages\/4584\/revisions\/4763"}],"wp:attachment":[{"href":"https:\/\/www.mediaregulation.org\/en\/wp-json\/wp\/v2\/media?parent=4584"}],"curies":[{"name":"wp","href":"https:\/\/api.w.org\/{rel}","templated":true}]}}

<!-- This site is optimized with the Yoast SEO plugin v21.1 - https://yoast.com/wordpress/plugins/seo/ -->
<title>Patrick Penninckx - CRRM</title>
<meta name="robots" content="index, follow, max-snippet:-1, max-image-preview:large, max-video-preview:-1" />
<link rel="canonical" href="https://www.mediaregulation.org/en/patrick-penninckx/" />
<meta property="og:locale" content="en_US" />
<meta property="og:type" content="article" />
<meta property="og:title" content="Patrick Penninckx - CRRM" />
<meta property="og:description" content="[vc_row el_class=&#8221;about_company&#8221;][vc_column width=&#8221;1/2&#8243;][vc_single_image image=&#8221;4761&#8243; img_size=&#8221;full&#8221;][/vc_column][vc_column width=&#8221;1/2&#8243;][vc_column_text el_class=&#8221;text-justif&#8221;]Patrick Penninckx has spent the last thirty years at the Council of Europe, contributing to the development and renewal of the Organization, while developing national and international partnerships. As head of the Information Society Department within the Directorate General of Human Rights and Rule of Law, Patrick puts all" />
<meta property="og:url" content="https://www.mediaregulation.org/en/patrick-penninckx/" />
<meta property="og:site_name" content="CRRM" />
<meta property="article:publisher" content="https://www.facebook.com/regulationmedia/" />
<meta property="article:modified_time" content="2022-01-14T15:29:12+00:00" />
<meta name="twitter:card" content="summary_large_image" />
<meta name="twitter:site" content="@mediaregulatio1" />
<meta name="twitter:label1" content="Est. reading time" />
	<meta name="twitter:data1" content="1 minute" />
<script type="application/ld+json" class="yoast-schema-graph">{"@context":"https://schema.org","@graph":[{"@type":"WebPage","@id":"https://www.mediaregulation.org/en/patrick-penninckx/","url":"https://www.mediaregulation.org/en/patrick-penninckx/","name":"Patrick Penninckx - CRRM","isPartOf":{"@id":"https://www.mediaregulation.org/ar/#website"},"datePublished":"2022-01-11T13:56:22+00:00","dateModified":"2022-01-14T15:29:12+00:00","breadcrumb":{"@id":"https://www.mediaregulation.org/en/patrick-penninckx/#breadcrumb"},"inLanguage":"en-US","potentialAction":[{"@type":"ReadAction","target":["https://www.mediaregulation.org/en/patrick-penninckx/"]}]},{"@type":"BreadcrumbList","@id":"https://www.mediaregulation.org/en/patrick-penninckx/#breadcrumb","itemListElement":[{"@type":"ListItem","position":1,"name":"Accueil","item":"https://www.mediaregulation.org/en/"},{"@type":"ListItem","position":2,"name":"Patrick Penninckx"}]},{"@type":"WebSite","@id":"https://www.mediaregulation.org/ar/#website","url":"https://www.mediaregulation.org/ar/","name":"CRRM","description":"Centre de ressources sur la régulation des Médias","publisher":{"@id":"https://www.mediaregulation.org/ar/#organization"},"potentialAction":[{"@type":"SearchAction","target":{"@type":"EntryPoint","urlTemplate":"https://www.mediaregulation.org/ar/?s={search_term_string}"},"query-input":"required name=search_term_string"}],"inLanguage":"en-US"},{"@type":"Organization","@id":"https://www.mediaregulation.org/ar/#organization","name":"Centre de ressources en ligne sur la régulation des médias, l'autorégulation et l'éducation aux médias (CRRM)","url":"https://www.mediaregulation.org/ar/","logo":{"@type":"ImageObject","inLanguage":"en-US","@id":"https://www.mediaregulation.org/ar/#/schema/logo/image/","url":"https://www.mediaregulation.org/wp-content/uploads/2022/05/logo-fr-desctop-2.jpeg","contentUrl":"https://www.mediaregulation.org/wp-content/uploads/2022/05/logo-fr-desctop-2.jpeg","width":560,"height":74,"caption":"Centre de ressources en ligne sur la régulation des médias, l'autorégulation et l'éducation aux médias (CRRM)"},"image":{"@id":"https://www.mediaregulation.org/ar/#/schema/logo/image/"},"sameAs":["https://www.facebook.com/regulationmedia/","https://twitter.com/mediaregulatio1","https://www.youtube.com/channel/UC_PWIr_i5cWscxsu_Zno_Jg"]}]}</script>
<!-- / Yoast SEO plugin. -->

Centre de ressources sur la régulation des Médias

Centre de ressources en ligne sur la régulation des médias, l'autorégulation et l'éducation aux médias (CRRM)
