{"id":4715,"date":"2022-01-14T14:56:32","date_gmt":"2022-01-14T13:56:32","guid":{"rendered":"https:\/\/www.mediaregulation.org\/?page_id=4715"},"modified":"2022-01-28T11:25:31","modified_gmt":"2022-01-28T10:25:31","slug":"francois-demers","status":"publish","type":"page","link":"https:\/\/www.mediaregulation.org\/en\/francois-demers\/","title":{"rendered":"Fran\u00e7ois Demers"},"content":{"rendered":"<p>[vc_row el_class=&#8221;about_company&#8221;][vc_column width=&#8221;1\/2&#8243;][vc_single_image image=&#8221;4788&#8243; img_size=&#8221;full&#8221;][\/vc_column][vc_column width=&#8221;1\/2&#8243;][vc_column_text el_class=&#8221;text-justif&#8221;]After working as a professional journalist for 15 years, Fran\u00e7ois Demers became a professor\/researcher in the Department of Information and Communication at Laval University in 1980, where he taught until 2020. He is currently an associate professor in this department and interim director of the Chair of Science Journalism. Doctor in political science, his thesis focused on the emergence of new daily newspapers in the city of Guadalajara, Mexico, during the NAFTA debate. He has published books, scholarly articles and book chapters at an average rate of two per year, more than 90 to date. He was Dean of the Faculty of Arts from 1987 to 1996 and Associate Dean for Research in the Faculty of Arts from 2003 to 2005.<\/p>\n<p>Details of his research and publications are available <a href=\"https:\/\/www.flsh.ulaval.ca\/notre-faculte\/repertoire-du-personnel\/francois-demers\">here<\/a>.[\/vc_column_text][\/vc_column][\/vc_row]<\/p>\n<!-- AddThis Advanced Settings generic via filter on the_content --><!-- AddThis Share Buttons generic via filter on the_content -->","protected":false},"excerpt":{"rendered":"<p>[vc_row el_class=&#8221;about_company&#8221;][vc_column width=&#8221;1\/2&#8243;][vc_single_image image=&#8221;4788&#8243; img_size=&#8221;full&#8221;][\/vc_column][vc_column width=&#8221;1\/2&#8243;][vc_column_text el_class=&#8221;text-justif&#8221;]After working as a professional journalist for 15 years, Fran\u00e7ois Demers became a professor\/researcher in the Department of Information and Communication at Laval University in 1980, where he taught until 2020. He is currently an associate professor in this department and interim director of the Chair of Science Journalism.<!-- AddThis Advanced Settings generic via filter on get_the_excerpt --><!-- AddThis Share Buttons generic via filter on get_the_excerpt --><\/p>\n","protected":false},"author":2,"featured_media":0,"parent":0,"menu_order":0,"comment_status":"closed","ping_status":"closed","template":"","meta":{"inline_featured_image":false,"_links_to":"","_links_to_target":""},"yoast_head":"<!-- This site is optimized with the Yoast SEO plugin v21.1 - https:\/\/yoast.com\/wordpress\/plugins\/seo\/ -->\n<title>Fran\u00e7ois Demers - CRRM<\/title>\n<meta name=\"robots\" content=\"index, follow, max-snippet:-1, max-image-preview:large, max-video-preview:-1\" \/>\n<link rel=\"canonical\" href=\"https:\/\/www.mediaregulation.org\/en\/francois-demers\/\" \/>\n<meta property=\"og:locale\" content=\"en_US\" \/>\n<meta property=\"og:type\" content=\"article\" \/>\n<meta property=\"og:title\" content=\"Fran\u00e7ois Demers - CRRM\" \/>\n<meta property=\"og:description\" content=\"[vc_row el_class=&#8221;about_company&#8221;][vc_column width=&#8221;1\/2&#8243;][vc_single_image image=&#8221;4788&#8243; img_size=&#8221;full&#8221;][\/vc_column][vc_column width=&#8221;1\/2&#8243;][vc_column_text el_class=&#8221;text-justif&#8221;]After working as a professional journalist for 15 years, Fran\u00e7ois Demers became a professor\/researcher in the Department of Information and Communication at Laval University in 1980, where he taught until 2020. He is currently an associate professor in this department and interim director of the Chair of Science Journalism.\" \/>\n<meta property=\"og:url\" content=\"https:\/\/www.mediaregulation.org\/en\/francois-demers\/\" \/>\n<meta property=\"og:site_name\" content=\"CRRM\" \/>\n<meta property=\"article:publisher\" content=\"https:\/\/www.facebook.com\/regulationmedia\/\" \/>\n<meta property=\"article:modified_time\" content=\"2022-01-28T10:25:31+00:00\" \/>\n<meta name=\"twitter:card\" content=\"summary_large_image\" \/>\n<meta name=\"twitter:site\" content=\"@mediaregulatio1\" \/>\n<meta name=\"twitter:label1\" content=\"Est. reading time\" \/>\n\t<meta name=\"twitter:data1\" content=\"1 minute\" \/>\n<script type=\"application\/ld+json\" class=\"yoast-schema-graph\">{\"@context\":\"https:\/\/schema.org\",\"@graph\":[{\"@type\":\"WebPage\",\"@id\":\"https:\/\/www.mediaregulation.org\/en\/francois-demers\/\",\"url\":\"https:\/\/www.mediaregulation.org\/en\/francois-demers\/\",\"name\":\"Fran\u00e7ois Demers - CRRM\",\"isPartOf\":{\"@id\":\"https:\/\/www.mediaregulation.org\/ar\/#website\"},\"datePublished\":\"2022-01-14T13:56:32+00:00\",\"dateModified\":\"2022-01-28T10:25:31+00:00\",\"breadcrumb\":{\"@id\":\"https:\/\/www.mediaregulation.org\/en\/francois-demers\/#breadcrumb\"},\"inLanguage\":\"en-US\",\"potentialAction\":[{\"@type\":\"ReadAction\",\"target\":[\"https:\/\/www.mediaregulation.org\/en\/francois-demers\/\"]}]},{\"@type\":\"BreadcrumbList\",\"@id\":\"https:\/\/www.mediaregulation.org\/en\/francois-demers\/#breadcrumb\",\"itemListElement\":[{\"@type\":\"ListItem\",\"position\":1,\"name\":\"Accueil\",\"item\":\"https:\/\/www.mediaregulation.org\/en\/\"},{\"@type\":\"ListItem\",\"position\":2,\"name\":\"Fran\u00e7ois Demers\"}]},{\"@type\":\"WebSite\",\"@id\":\"https:\/\/www.mediaregulation.org\/ar\/#website\",\"url\":\"https:\/\/www.mediaregulation.org\/ar\/\",\"name\":\"CRRM\",\"description\":\"Centre de ressources sur la r\u00e9gulation des M\u00e9dias\",\"publisher\":{\"@id\":\"https:\/\/www.mediaregulation.org\/ar\/#organization\"},\"potentialAction\":[{\"@type\":\"SearchAction\",\"target\":{\"@type\":\"EntryPoint\",\"urlTemplate\":\"https:\/\/www.mediaregulation.org\/ar\/?s={search_term_string}\"},\"query-input\":\"required name=search_term_string\"}],\"inLanguage\":\"en-US\"},{\"@type\":\"Organization\",\"@id\":\"https:\/\/www.mediaregulation.org\/ar\/#organization\",\"name\":\"Centre de ressources en ligne sur la r\u00e9gulation des m\u00e9dias, l'autor\u00e9gulation et l'\u00e9ducation aux m\u00e9dias (CRRM)\",\"url\":\"https:\/\/www.mediaregulation.org\/ar\/\",\"logo\":{\"@type\":\"ImageObject\",\"inLanguage\":\"en-US\",\"@id\":\"https:\/\/www.mediaregulation.org\/ar\/#\/schema\/logo\/image\/\",\"url\":\"https:\/\/www.mediaregulation.org\/wp-content\/uploads\/2022\/05\/logo-fr-desctop-2.jpeg\",\"contentUrl\":\"https:\/\/www.mediaregulation.org\/wp-content\/uploads\/2022\/05\/logo-fr-desctop-2.jpeg\",\"width\":560,\"height\":74,\"caption\":\"Centre de ressources en ligne sur la r\u00e9gulation des m\u00e9dias, l'autor\u00e9gulation et l'\u00e9ducation aux m\u00e9dias (CRRM)\"},\"image\":{\"@id\":\"https:\/\/www.mediaregulation.org\/ar\/#\/schema\/logo\/image\/\"},\"sameAs\":[\"https:\/\/www.facebook.com\/regulationmedia\/\",\"https:\/\/twitter.com\/mediaregulatio1\",\"https:\/\/www.youtube.com\/channel\/UC_PWIr_i5cWscxsu_Zno_Jg\"]}]}<\/script>\n<!-- \/ Yoast SEO plugin. -->","yoast_head_json":{"title":"Fran\u00e7ois Demers - CRRM","robots":{"index":"index","follow":"follow","max-snippet":"max-snippet:-1","max-image-preview":"max-image-preview:large","max-video-preview":"max-video-preview:-1"},"canonical":"https:\/\/www.mediaregulation.org\/en\/francois-demers\/","og_locale":"en_US","og_type":"article","og_title":"Fran\u00e7ois Demers - CRRM","og_description":"[vc_row el_class=&#8221;about_company&#8221;][vc_column width=&#8221;1\/2&#8243;][vc_single_image image=&#8221;4788&#8243; img_size=&#8221;full&#8221;][\/vc_column][vc_column width=&#8221;1\/2&#8243;][vc_column_text el_class=&#8221;text-justif&#8221;]After working as a professional journalist for 15 years, Fran\u00e7ois Demers became a professor\/researcher in the Department of Information and Communication at Laval University in 1980, where he taught until 2020. He is currently an associate professor in this department and interim director of the Chair of Science Journalism.","og_url":"https:\/\/www.mediaregulation.org\/en\/francois-demers\/","og_site_name":"CRRM","article_publisher":"https:\/\/www.facebook.com\/regulationmedia\/","article_modified_time":"2022-01-28T10:25:31+00:00","twitter_card":"summary_large_image","twitter_site":"@mediaregulatio1","twitter_misc":{"Est. reading time":"1 minute"},"schema":{"@context":"https:\/\/schema.org","@graph":[{"@type":"WebPage","@id":"https:\/\/www.mediaregulation.org\/en\/francois-demers\/","url":"https:\/\/www.mediaregulation.org\/en\/francois-demers\/","name":"Fran\u00e7ois Demers - CRRM","isPartOf":{"@id":"https:\/\/www.mediaregulation.org\/ar\/#website"},"datePublished":"2022-01-14T13:56:32+00:00","dateModified":"2022-01-28T10:25:31+00:00","breadcrumb":{"@id":"https:\/\/www.mediaregulation.org\/en\/francois-demers\/#breadcrumb"},"inLanguage":"en-US","potentialAction":[{"@type":"ReadAction","target":["https:\/\/www.mediaregulation.org\/en\/francois-demers\/"]}]},{"@type":"BreadcrumbList","@id":"https:\/\/www.mediaregulation.org\/en\/francois-demers\/#breadcrumb","itemListElement":[{"@type":"ListItem","position":1,"name":"Accueil","item":"https:\/\/www.mediaregulation.org\/en\/"},{"@type":"ListItem","position":2,"name":"Fran\u00e7ois Demers"}]},{"@type":"WebSite","@id":"https:\/\/www.mediaregulation.org\/ar\/#website","url":"https:\/\/www.mediaregulation.org\/ar\/","name":"CRRM","description":"Centre de ressources sur la r\u00e9gulation des M\u00e9dias","publisher":{"@id":"https:\/\/www.mediaregulation.org\/ar\/#organization"},"potentialAction":[{"@type":"SearchAction","target":{"@type":"EntryPoint","urlTemplate":"https:\/\/www.mediaregulation.org\/ar\/?s={search_term_string}"},"query-input":"required name=search_term_string"}],"inLanguage":"en-US"},{"@type":"Organization","@id":"https:\/\/www.mediaregulation.org\/ar\/#organization","name":"Centre de ressources en ligne sur la r\u00e9gulation des m\u00e9dias, l'autor\u00e9gulation et l'\u00e9ducation aux m\u00e9dias (CRRM)","url":"https:\/\/www.mediaregulation.org\/ar\/","logo":{"@type":"ImageObject","inLanguage":"en-US","@id":"https:\/\/www.mediaregulation.org\/ar\/#\/schema\/logo\/image\/","url":"https:\/\/www.mediaregulation.org\/wp-content\/uploads\/2022\/05\/logo-fr-desctop-2.jpeg","contentUrl":"https:\/\/www.mediaregulation.org\/wp-content\/uploads\/2022\/05\/logo-fr-desctop-2.jpeg","width":560,"height":74,"caption":"Centre de ressources en ligne sur la r\u00e9gulation des m\u00e9dias, l'autor\u00e9gulation et l'\u00e9ducation aux m\u00e9dias (CRRM)"},"image":{"@id":"https:\/\/www.mediaregulation.org\/ar\/#\/schema\/logo\/image\/"},"sameAs":["https:\/\/www.facebook.com\/regulationmedia\/","https:\/\/twitter.com\/mediaregulatio1","https:\/\/www.youtube.com\/channel\/UC_PWIr_i5cWscxsu_Zno_Jg"]}]}},"_links":{"self":[{"href":"https:\/\/www.mediaregulation.org\/en\/wp-json\/wp\/v2\/pages\/4715"}],"collection":[{"href":"https:\/\/www.mediaregulation.org\/en\/wp-json\/wp\/v2\/pages"}],"about":[{"href":"https:\/\/www.mediaregulation.org\/en\/wp-json\/wp\/v2\/types\/page"}],"author":[{"embeddable":true,"href":"https:\/\/www.mediaregulation.org\/en\/wp-json\/wp\/v2\/users\/2"}],"replies":[{"embeddable":true,"href":"https:\/\/www.mediaregulation.org\/en\/wp-json\/wp\/v2\/comments?post=4715"}],"version-history":[{"count":7,"href":"https:\/\/www.mediaregulation.org\/en\/wp-json\/wp\/v2\/pages\/4715\/revisions"}],"predecessor-version":[{"id":5289,"href":"https:\/\/www.mediaregulation.org\/en\/wp-json\/wp\/v2\/pages\/4715\/revisions\/5289"}],"wp:attachment":[{"href":"https:\/\/www.mediaregulation.org\/en\/wp-json\/wp\/v2\/media?parent=4715"}],"curies":[{"name":"wp","href":"https:\/\/api.w.org\/{rel}","templated":true}]}}

François Demers

<p>[vc_row el_class=&#8221;about_company&#8221;][vc_column width=&#8221;1/2&#8243;][vc_single_image image=&#8221;4788&#8243; img_size=&#8221;full&#8221;][/vc_column][vc_column width=&#8221;1/2&#8243;][vc_column_text el_class=&#8221;text-justif&#8221;]After working as a professional journalist for 15 years, François Demers became a professor/researcher in the Department of Information and Communication at Laval University in 1980, where he taught until 2020. He is currently an associate professor in this department and interim director of the Chair of Science Journalism. Doctor in political science, his thesis focused on the emergence of new daily newspapers in the city of Guadalajara, Mexico, during the NAFTA debate. He has published books, scholarly articles and book chapters at an average rate of two per year, more than 90 to date. He was Dean of the Faculty of Arts from 1987 to 1996 and Associate Dean for Research in the Faculty of Arts from 2003 to 2005.</p>
<p>Details of his research and publications are available <a href="https://www.flsh.ulaval.ca/notre-faculte/repertoire-du-personnel/francois-demers">here</a>.[/vc_column_text][/vc_column][/vc_row]</p>
<!-- AddThis Advanced Settings generic via filter on the_content --><!-- AddThis Share Buttons generic via filter on the_content -->

<p>[vc_row el_class=&#8221;about_company&#8221;][vc_column width=&#8221;1/2&#8243;][vc_single_image image=&#8221;4788&#8243; img_size=&#8221;full&#8221;][/vc_column][vc_column width=&#8221;1/2&#8243;][vc_column_text el_class=&#8221;text-justif&#8221;]After working as a professional journalist for 15 years, François Demers became a professor/researcher in the Department of Information and Communication at Laval University in 1980, where he taught until 2020. He is currently an associate professor in this department and interim director of the Chair of Science Journalism.<!-- AddThis Advanced Settings generic via filter on get_the_excerpt --><!-- AddThis Share Buttons generic via filter on get_the_excerpt --></p>

<!-- This site is optimized with the Yoast SEO plugin v21.1 - https://yoast.com/wordpress/plugins/seo/ -->
<title>François Demers - CRRM</title>
<meta name="robots" content="index, follow, max-snippet:-1, max-image-preview:large, max-video-preview:-1" />
<link rel="canonical" href="https://www.mediaregulation.org/en/francois-demers/" />
<meta property="og:locale" content="en_US" />
<meta property="og:type" content="article" />
<meta property="og:title" content="François Demers - CRRM" />
<meta property="og:description" content="[vc_row el_class=&#8221;about_company&#8221;][vc_column width=&#8221;1/2&#8243;][vc_single_image image=&#8221;4788&#8243; img_size=&#8221;full&#8221;][/vc_column][vc_column width=&#8221;1/2&#8243;][vc_column_text el_class=&#8221;text-justif&#8221;]After working as a professional journalist for 15 years, François Demers became a professor/researcher in the Department of Information and Communication at Laval University in 1980, where he taught until 2020. He is currently an associate professor in this department and interim director of the Chair of Science Journalism." />
<meta property="og:url" content="https://www.mediaregulation.org/en/francois-demers/" />
<meta property="og:site_name" content="CRRM" />
<meta property="article:publisher" content="https://www.facebook.com/regulationmedia/" />
<meta property="article:modified_time" content="2022-01-28T10:25:31+00:00" />
<meta name="twitter:card" content="summary_large_image" />
<meta name="twitter:site" content="@mediaregulatio1" />
<meta name="twitter:label1" content="Est. reading time" />
	<meta name="twitter:data1" content="1 minute" />
<script type="application/ld+json" class="yoast-schema-graph">{"@context":"https://schema.org","@graph":[{"@type":"WebPage","@id":"https://www.mediaregulation.org/en/francois-demers/","url":"https://www.mediaregulation.org/en/francois-demers/","name":"François Demers - CRRM","isPartOf":{"@id":"https://www.mediaregulation.org/ar/#website"},"datePublished":"2022-01-14T13:56:32+00:00","dateModified":"2022-01-28T10:25:31+00:00","breadcrumb":{"@id":"https://www.mediaregulation.org/en/francois-demers/#breadcrumb"},"inLanguage":"en-US","potentialAction":[{"@type":"ReadAction","target":["https://www.mediaregulation.org/en/francois-demers/"]}]},{"@type":"BreadcrumbList","@id":"https://www.mediaregulation.org/en/francois-demers/#breadcrumb","itemListElement":[{"@type":"ListItem","position":1,"name":"Accueil","item":"https://www.mediaregulation.org/en/"},{"@type":"ListItem","position":2,"name":"François Demers"}]},{"@type":"WebSite","@id":"https://www.mediaregulation.org/ar/#website","url":"https://www.mediaregulation.org/ar/","name":"CRRM","description":"Centre de ressources sur la régulation des Médias","publisher":{"@id":"https://www.mediaregulation.org/ar/#organization"},"potentialAction":[{"@type":"SearchAction","target":{"@type":"EntryPoint","urlTemplate":"https://www.mediaregulation.org/ar/?s={search_term_string}"},"query-input":"required name=search_term_string"}],"inLanguage":"en-US"},{"@type":"Organization","@id":"https://www.mediaregulation.org/ar/#organization","name":"Centre de ressources en ligne sur la régulation des médias, l'autorégulation et l'éducation aux médias (CRRM)","url":"https://www.mediaregulation.org/ar/","logo":{"@type":"ImageObject","inLanguage":"en-US","@id":"https://www.mediaregulation.org/ar/#/schema/logo/image/","url":"https://www.mediaregulation.org/wp-content/uploads/2022/05/logo-fr-desctop-2.jpeg","contentUrl":"https://www.mediaregulation.org/wp-content/uploads/2022/05/logo-fr-desctop-2.jpeg","width":560,"height":74,"caption":"Centre de ressources en ligne sur la régulation des médias, l'autorégulation et l'éducation aux médias (CRRM)"},"image":{"@id":"https://www.mediaregulation.org/ar/#/schema/logo/image/"},"sameAs":["https://www.facebook.com/regulationmedia/","https://twitter.com/mediaregulatio1","https://www.youtube.com/channel/UC_PWIr_i5cWscxsu_Zno_Jg"]}]}</script>
<!-- / Yoast SEO plugin. -->

François Demers - CRRM

[vc_row el_class=&#8221;about_company&#8221;][vc_column width=&#8221;1/2&#8243;][vc_single_image image=&#8221;4788&#8243; img_size=&#8221;full&#8221;][/vc_column][vc_column width=&#8221;1/2&#8243;][vc_column_text el_class=&#8221;text-justif&#8221;]After working as a professional journalist for 15 years, François Demers became a professor/researcher in the Department of Information and Communication at Laval University in 1980, where he taught until 2020. He is currently an associate professor in this department and interim director of the Chair of Science Journalism.

Centre de ressources sur la régulation des Médias

Centre de ressources en ligne sur la régulation des médias, l'autorégulation et l'éducation aux médias (CRRM)
